{"id":837812,"date":"2025-07-15T15:49:08","date_gmt":"2025-07-15T15:49:08","guid":{"rendered":"https:\/\/re-dom.de\/?page_id=2"},"modified":"2025-07-15T15:49:08","modified_gmt":"2025-07-15T15:49:08","slug":"startseite-2","status":"publish","type":"page","link":"https:\/\/re-dom.de\/","title":{"rendered":"Startseite"},"content":{"rendered":"<h1>Willkommen bei re-dom.de<\/h1>\n<p>Hier entsteht eine Sammlung hilfreicher Tipps, pers\u00f6nlicher Empfehlungen und praktischer Hinweise zu Technik, B\u00fcroausstattung und digitalen Tools.<\/p>\n<p>Unsere Beitr\u00e4ge richten sich an alle, die nach durchdachten L\u00f6sungen suchen \u2013 sei es f\u00fcr den Arbeitsplatz, das Homeoffice oder den Alltag mit smarter Technik.<\/p>\n<p>In K\u00fcrze findest du hier mehr Inhalte \u2013 gut sortiert, verst\u00e4ndlich erkl\u00e4rt und mit echtem Mehrwert.<\/p>\n","protected":false},"excerpt":{"rendered":"<p>Willkommen bei re-dom.de Hier entsteht eine Sammlung hilfreicher Tipps, pers\u00f6nlicher Empfehlungen und praktischer Hinweise zu Technik, B\u00fcroausstattung und digitalen Tools. Unsere Beitr\u00e4ge richten sich an alle, die nach durchdachten L\u00f6sungen suchen \u2013 sei es f\u00fcr den Arbeitsplatz, das Homeoffice oder den Alltag mit smarter Technik. In K\u00fcrze findest du hier mehr Inhalte \u2013 gut sortiert, [&hellip;]<\/p>\n","protected":false},"author":2,"featured_media":0,"parent":0,"menu_order":0,"comment_status":"closed","ping_status":"closed","template":"","meta":{"footnotes":""},"class_list":["post-837812","page","type-page","status-publish","hentry"],"_links":{"self":[{"href":"https:\/\/re-dom.de\/index.php\/wp-json\/wp\/v2\/pages\/837812","targetHints":{"allow":["GET"]}}],"collection":[{"href":"https:\/\/re-dom.de\/index.php\/wp-json\/wp\/v2\/pages"}],"about":[{"href":"https:\/\/re-dom.de\/index.php\/wp-json\/wp\/v2\/types\/page"}],"author":[{"embeddable":true,"href":"https:\/\/re-dom.de\/index.php\/wp-json\/wp\/v2\/users\/2"}],"replies":[{"embeddable":true,"href":"https:\/\/re-dom.de\/index.php\/wp-json\/wp\/v2\/comments?post=837812"}],"version-history":[{"count":0,"href":"https:\/\/re-dom.de\/index.php\/wp-json\/wp\/v2\/pages\/837812\/revisions"}],"wp:attachment":[{"href":"https:\/\/re-dom.de\/index.php\/wp-json\/wp\/v2\/media?parent=837812"}],"curies":[{"name":"wp","href":"https:\/\/api.w.org\/{rel}","templated":true}]}}